 is -10001 - -1010?
-111
In base 12, what is -6 + -2002?
-2008
In base 13, what is -2 + 66?
64
In base 2, what is -11 + 11100?
11001
In base 15, what is -2 + -22?
-24
In base 13, what is -7a - -6?
-74
In base 8, what is 4 + -333?
-327
In base 15, what is -1da + 16?
-1c4
In base 15, what is -e69 + 2?
-e67
In base 8, what is 35 - 1?
34
In base 7, what is -4 + -15?
-22
In base 16, what is 5d50 + -2?
5d4e
In base 4, what is -11 + -3102?
-3113
In base 3, what is -220212012 + -12?
-220212101
In base 5, what is 10 + 444?
1004
In base 2, what is 101 + 10010110100?
10010111001
In base 3, what is 11 - -10?
21
In base 10, what is -55 + -4?
-59
In base 7, what is -1604 - 5?
-1612
In base 7, what is -4 - -50?
43
In base 4, what is -113 - -12213?
12100
In base 12, what is 14 + -39?
-25
In base 11, what is 58 - 1?
57
In base 9, what is 4 + -124?
-120
In base 11, what is -97 + -7?
-a3
In base 3, what is 12001 - 10?
11221
In base 6, what is -12 - 0?
-12
In base 16, what is 0 + b?
b
In base 8, what is 2033 + -3?
2030
In base 4, what is -12 - 111?
-123
In base 5, what is 114143 + -2?
114141
In base 11, what is 3 + 57?
5a
In base 4, what is 23031 - 10?
23021
In base 8, what is 2 - 42?
-40
In base 16, what is 2 - c?
-a
In base 10, what is -13 + -20?
-33
In base 8, what is -2076 - 3?
-2101
In base 10, what is -4 + 542?
538
In base 5, what is -1 - 1324?
-1330
In base 5, what is 4 - 3234?
-3230
In base 12, what is b3 - -4?
b7
In base 15, what is -6c5 + -5?
-6ca
In base 2, what is -10010111 + -110?
-10011101
In base 7, what is -313 - 3?
-316
In base 13, what is 4b - 8?
43
In base 11, what is 40 + 6?
46
In base 14, what is d2 + -1?
d1
In base 8, what is 5 - -22?
27
In base 7, what is -1 + 63?
62
In base 11, what is -636 - -30?
-606
In base 12, what is 1 + 9?
a
In base 5, what is -31032 + -10?
-31042
In base 14, what is -20 - 3?
-23
In base 6, what is 32 + -15?
13
In base 11, what is 2 + -192?
-190
In base 15, what is -4 + 9?
5
In base 2, what is -10 + 11010?
11000
In base 2, what is 1100010100 + -11?
1100010001
In base 5, what is -2 - 12020?
-12022
In base 8, what is -1321 + -5?
-1326
In base 13, what is -80 - 4?
-84
In base 5, what is -1124 + -34?
-1213
In base 3, what is 11 - 1001201?
-1001120
In base 2, what is -110011101 + -10111?
-110110100
In base 7, what is 5 - -2302?
2310
In base 3, what is -1200 + 0?
-1200
In base 7, what is 2 - -15026?
15031
In base 13, what is -532 - c?
-541
In base 8, what is 1 + -73?
-72
In base 4, what is -103 + 12101?
11332
In base 5, what is 4 + 310?
314
In base 2, what is -10 + -101110000000?
-101110000010
In base 8, what is -2 + 416?
414
In base 4, what is -3 - -32?
23
In base 6, what is 30 - 13?
13
In base 8, what is -547 + -4?
-553
In base 6, what is 121 + 41?
202
In base 15, what is -4 + -198?
-19c
In base 7, what is 1 + -153?
-152
In base 16, what is -411 + -4?
-415
In base 11, what is -41 + -5?
-46
In base 7, what is 353 - -5?
361
In base 8, what is 561 + -7?
552
In base 4, what is 3 - -3221?
3230
In base 9, what is -2 - 38?
-41
In base 15, what is -d9 - -5?
-d4
In base 3, what is -1 + 122110?
122102
In base 9, what is 3 - 181?
-177
In base 10, what is -11 + -500?
-511
In base 3, what is 11 + 2101?
2112
In base 2, what is 101 - -1000101100?
1000110001
In base 11, what is -39 + -5?
-43
In base 14, what is 0 + 116?
116
In base 9, what is 162 - -10?
172
In base 13, what is c - 8a?
-7b
In base 11, what is -5 - -3582?
3578
In base 14, what is -19 + -5?
-20
In base 15, what is c + e8?
105
In base 8, what is 14 - -3?
17
In base 16, what is 5 - c?
-7
In base 13, what is 206 - 1b?
1b8
In base 12, what is -1b + -6?
-25
In base 13, what is b + -49?
-3b
In base 12, what is b0 - 1?
ab
In base 7, what is 25 + 20?
45
In base 2, what is -10 - 11001?
-11011
In base 16, what is -9e5 - -3?
-9e2
In base 13, what is -1b - -14?
-7
In base 6, what is 50 - 53?
-3
In base 3, what is 2122 + -121?
2001
In base 7, what is -6 + 4623?
4614
In base 3, what is 10 + 2212?
2222
In base 11, what is -448 + -6?
-453
In base 12, what is 132 - -18?
14a
In base 12, what is -10 + 293?
283
In base 10, what is 0 - 41?
-41
In base 6, what is -245 - -10?
-235
In base 4, what is 123 + 12?
201
In base 12, what is -1b1 - -3?
-1aa
In base 11, what is -4 - a?
-13
In base 3, what is -12 + -1021122?
-1021211
In base 5, what is 232 + -22?
210
In base 15, what is 4 - -1b8?
1bc
In base 15, what is -1a16 - 0?
-1a16
In base 7, what is 11002 + -5?
10664
In base 13, what is -5c - -16?
-46
In base 14, what is 53 + -34?
1d
In base 4, what is 1 + -10322?
-10321
In base 15, what is -d2 + -5?
-d7
In base 3, what is 222 - 122?
100
In base 11, what is -3 + 4a5?
4a2
In base 16, what is d + -422?
-415
In base 2, what is 10111 + 10101?
101100
In base 12, what is -bb0 - -3?
-ba9
In base 15, what is -2 + -bd?
-c0
In base 14, what is -33 - -3?
-30
In base 15, what is -1 + -16?
-17
In base 13, what is 1b + 9b5?
a03
In base 4, what is -31 - 30?
-121
In base 7, what is -24 - -463?
436
In base 5, what is 13 + -12242?
-12224
In base 13, what is -16 + -2?
-18
In base 13, what is 29 + a?
36
In base 6, what is -1 - 342?
-343
In base 5, what is 22224 - 4?
22220
In base 7, what is 11 + 1636?
1650
In base 4, what is 11121 - -3?
11130
In base 8, what is -714 - -56?
-636
In base 15, what is 3b + -11?
2a
In base 4, what is -31 - 100?
-131
In base 10, what is 4 + 574?
578
In base 16, what is 1 + -8d?
-8c
In base 11, what is -5 - -20a9?
20a4
In base 11, what is -66aa + -4?
-6703
In base 7, what is -12 + -41?
-53
In base 6, what is -21 + 510?
445
In base 7, what is -5 + 54?
46
In base 14, what is -5 + 303?
2dc
In base 2, what is -1001100 - 10?
-1001110
In base 3, what is -2 + -1012?
-1021
In base 6, what is -5 + -11?
-20
In base 12, what is 6 - -20b?
215
In base 16, what is -5 + 2?
-3
In base 8, what is 405 + -5?
400
In base 10, what is 3 - -68?
71
In base 8, what is 0 - 45?
-45
In base 9, what is -114 - 3?
-117
In base 8, what is 2 - 2?
0
In base 3, what is -2202 - -1?
-2201
In base 6, what is -10 + -11423?
-11433
In base 11, what is -8 - 30?
-38
In base 8, what is -5 - -210?
203
In base 6, what is 153 + 34?
231
In base 14, what is -3 - -246?
243
In base 4, what is -2100 + 10?
-2030
In base 5, what is 1 - -331?
332
In base 13, what is -13 - 0?
-13
In base 4, what is -3 - 12112?
-12121
In base 3, what is -11 - -12220122?
12220111
In base 9, what is -5 + -320?
-325
In base 14, what is -c5 + 3?
-c2
In base 4, what is 0 + -3302?
-3302
In base 4, what is 11 + 10001?
10012
In base 6, what is -4 + -1433?
-1441
In base 7, what is 135 - 2?
133
In base 9, what is 3435 - -2?
3437
In base 16, what is 0 - 1e?
-1e
In base 2, what is 11 + 1010100?
1010111
In base 8, what is 666 + 7?
675
In base 7, what is -3 + -123?
-126
In base 9, what is -61 + 0?
-61
In base 6, what is -241 + -1135?
-1420
In base 13, what is -7 - 54?
-5b
In base 4, what is -1 + -101?
-102
In base 3, what is -1 - -210?
202
In base 7, what is 1 + -6?
-5
In base 16, what is 1 - -1e?
1f
In base 16, what is -2fc - -2?
-2fa
In base 3, what is 1 - 11110200?
-11110122
In base 2, what is 1100100011 + 100011?
1101000110
In base 3, what is 202 + 10122?
11101
In base 16, what is 15f2 - -1?
15f3
In base 9, what is 57 - -1?
58
In base 8, what is 4 + -725?
-721
In base 5, what is 40013 + 10?
40023
In base 14, what is d7 - 5b?
7a
In base 6, what is -35 + -5?
-44
In base 4, what is 2 - 1220233?
-1220231
In base 11, what is 3 + -2379?
-2376
In base 11, what is -2 - -92?
90
In base 11, what is 0 + 274?
274
In base 5, what is -3 + 1133?
1130
In base 8, what is 24 + -5?
17
In base 13, what is -c60 + 1?
-c5c
In base 8, what is 6112 - 6?
6104
In base 13, what is 233 + -3?
230
In base 13, what is -5 - -130?
128
In base 9, what is -3 - -1735?
1732
In base 15, what is b + b4?
c0
In base 2, what is 101011 - 110100?
-1001
In base 5, what is -2212 - 4?
-2221
In base 13, what is -1 - -13?
12
In base 6, what is -100 + 542?
442
In base 15, what is -5 - 5b?
-61
In base 13, what is 50 + 127?
177
In base 14, what is 3 - -2b?
30
In base 3, what is 1 + 1120?
1121
In base 5, what is 2 + 12400?
12402
In base 11, what is -97 - -4?
-93
In base 14, what is 0 - -13?
13
In base 9, what is 66 + 4?
71
In base 5, what is 111 + 22?
133
In base 5, what is 130 + 1?
131
In base 13, what is -53 - -7c?
29
In 